{"id":38,"date":"2025-07-18T10:19:27","date_gmt":"2025-07-18T10:19:27","guid":{"rendered":"https:\/\/tienganhhocsinh.com\/index.php\/become_a_teacher\/"},"modified":"2025-09-10T18:32:50","modified_gmt":"2025-09-10T11:32:50","slug":"become_a_teacher","status":"publish","type":"page","link":"https:\/\/tienganhhocsinh.com\/index.php\/become_a_teacher\/","title":{"rendered":"Become an Instructor"},"content":{"rendered":"\n<h1 class=\"wp-block-heading has-text-align-center\" style=\"font-size:30px\"><strong><mark style=\"background-color:rgba(0, 0, 0, 0);color:#00aeef\" class=\"has-inline-color\">TIN TUY\u1ec2N D\u1ee4NG GI\u00c1O VI\u00caN TI\u1ebeNG ANH \u2013 VI\u1ec6T NAM &amp; N\u01af\u1edaC NGO\u00c0I<\/mark><\/strong><\/h1>\n\n\n\n<h2 class=\"wp-block-heading\"><strong><mark style=\"background-color:rgba(0, 0, 0, 0);color:#00aeef\" class=\"has-inline-color\">V\u1ec1 ch\u00fang t\u00f4i<\/mark><\/strong><\/h2>\n\n\n\n<p style=\"font-size:17px\"><br>Eros Fluent English l\u00e0 n\u01a1i ki\u1ebfn t\u1ea1o m\u00f4i tr\u01b0\u1eddng h\u1ecdc t\u1eadp kh\u00e1c bi\u1ec7t, v\u1edbi t\u1ea7m nh\u00ecn l\u00e0 n\u01a1i cung c\u1ea5p gi\u1ea3i ph\u00e1p ti\u1ebfng Anh gi\u00fap h\u1ecdc vi\u00ean:<\/p>\n\n\n\n<ul style=\"font-size:17px\" class=\"wp-block-list\">\n<li style=\"font-size:17px\">Th\u1eafp l\u00ean \u0111am m\u00ea h\u1ecdc t\u1eadp, th\u1ea5y vi\u1ec7c h\u1ecdc ti\u1ebfng Anh l\u00e0 ni\u1ec1m vui<\/li>\n\n\n\n<li style=\"font-size:17px\">Nh\u1eadn ra gi\u00e1 tr\u1ecb v\u00e0 l\u1ee3i \u00edch thi\u1ebft th\u1ef1c c\u1ee7a ti\u1ebfng Anh,<\/li>\n\n\n\n<li>T\u1ef1 tin \u1ee9ng d\u1ee5ng \u0111\u1ec3 \u0111\u1ea1t th\u00e0nh t\u00edch thi c\u1eed c\u0169ng nh\u01b0 ph\u00e1t tri\u1ec3n s\u1ef1 nghi\u1ec7p t\u01b0\u01a1ng lai.<\/li>\n<\/ul>\n\n\n\n<p><\/p>\n\n\n\n<p style=\"font-size:17px\">Ch\u00fang t\u00f4i tin r\u1eb1ng, h\u1ecdc ti\u1ebfng Anh kh\u00f4ng ch\u1ec9 l\u00e0 h\u1ecdc m\u1ed9t ng\u00f4n ng\u1eef, m\u00e0 l\u00e0 m\u1edf l\u1ed1i s\u1ef1 nghi\u1ec7p v\u00e0 m\u1edf ra c\u01a1 h\u1ed9i ti\u1ebfp c\u1eadn kho t\u00e0ng tri th\u1ee9c v\u1edbi h\u01a1n 1 t\u1ef7 ng\u01b0\u1eddi n\u00f3i ti\u1ebfng Anh tr\u00ean th\u1ebf gi\u1edbi.<\/p>\n\n\n\n<div style=\"height:35px\" aria-hidden=\"true\" class=\"wp-block-spacer\"><\/div>\n\n\n<div class=\"wp-block-image is-style-default\">\n<figure class=\"aligncenter size-large\"><img loading=\"lazy\" decoding=\"async\" width=\"1024\" height=\"683\" src=\"https:\/\/tienganhhocsinh.com\/wp-content\/uploads\/2025\/08\/Untitled-design-5-1024x683.png\" alt=\"\" class=\"wp-image-707\" style=\"aspect-ratio:16\/9;object-fit:contain\" srcset=\"https:\/\/tienganhhocsinh.com\/wp-content\/uploads\/2025\/08\/Untitled-design-5-1024x683.png 1024w, https:\/\/tienganhhocsinh.com\/wp-content\/uploads\/2025\/08\/Untitled-design-5-300x200.png 300w, https:\/\/tienganhhocsinh.com\/wp-content\/uploads\/2025\/08\/Untitled-design-5-768x512.png 768w, https:\/\/tienganhhocsinh.com\/wp-content\/uploads\/2025\/08\/Untitled-design-5-600x400.png 600w, https:\/\/tienganhhocsinh.com\/wp-content\/uploads\/2025\/08\/Untitled-design-5.png 1200w\" sizes=\"auto, (max-width: 1024px) 100vw, 1024px\" \/><figcaption class=\"wp-element-caption\">Ch\u00fang t\u00f4i kh\u00f4ng ch\u1ec9 l\u00e0 \u0111\u1ed3ng nghi\u1ec7p, m\u00e0 c\u00f2n l\u00e0 m\u1ed9t \u0111\u1ed9i ng\u0169 c\u00f9ng chung s\u1ee9 m\u1ec7nh.<\/figcaption><\/figure>\n<\/div>\n\n\n<h2 class=\"wp-block-heading\"><strong><mark style=\"background-color:rgba(0, 0, 0, 0);color:#00aeef\" class=\"has-inline-color\">V\u1ecb tr\u00ed tuy\u1ec3n d\u1ee5ng<\/mark><\/strong><\/h2>\n\n\n\n<ul style=\"font-size:17px\" class=\"wp-block-list\">\n<li style=\"font-size:17px\">Gi\u00e1o vi\u00ean Vi\u1ec7t Nam<\/li>\n\n\n\n<li>Gi\u00e1o vi\u00ean N\u01b0\u1edbc Ngo\u00e0i (t\u1eeb c\u00e1c qu\u1ed1c gia s\u1eed d\u1ee5ng ti\u1ebfng Anh l\u00e0 ng\u00f4n ng\u1eef b\u1ea3n \u0111\u1ecba ho\u1eb7c ng\u00f4n ng\u1eef th\u1ee9 hai).<\/li>\n<\/ul>\n\n\n\n<h3 class=\"wp-block-heading\"><strong><mark style=\"background-color:rgba(0, 0, 0, 0);color:#00aeef\" class=\"has-inline-color\">Y\u00eau c\u1ea7u<\/mark><\/strong><\/h3>\n\n\n\n<p style=\"font-size:17px\">Ch\u00fang t\u00f4i t\u00ecm ki\u1ebfm nh\u1eefng th\u1ea7y c\u00f4 c\u00f3:<\/p>\n\n\n\n<ul style=\"font-size:17px\" class=\"wp-block-list\">\n<li style=\"font-size:17px\">T\u00ecnh y\u00eau v\u1edbi Gi\u00e1o d\u1ee5c v\u00e0 kh\u00e1t khao lan t\u1ecfa ki\u1ebfn th\u1ee9c, kinh nghi\u1ec7m s\u1ed1ng.<\/li>\n\n\n\n<li style=\"font-size:17px\">Tr\u1ea3i nghi\u1ec7m th\u1ef1c chi\u1ebfn trong m\u00f4i tr\u01b0\u1eddng l\u00e0m vi\u1ec7c chuy\u00ean nghi\u1ec7p (doanh nghi\u1ec7p, t\u1ed5 ch\u1ee9c\u2026) v\u00e0 mong mu\u1ed1n chuy\u1ec3n h\u01b0\u1edbng sang gi\u1ea3ng d\u1ea1y.<\/li>\n\n\n\n<li style=\"font-size:17px\">Ph\u01b0\u01a1ng ph\u00e1p gi\u1ea3ng d\u1ea1y hi\u1ec7n \u0111\u1ea1i: l\u1ea5y ng\u01b0\u1eddi h\u1ecdc l\u00e0m trung t\u00e2m, \u00e1p d\u1ee5ng Project-Based Learning.<\/li>\n\n\n\n<li style=\"font-size:17px\">Kh\u1ea3 n\u0103ng nh\u1eadn di\u1ec7n s\u1ef1 kh\u00e1c bi\u1ec7t c\u00e1 nh\u00e2n (VAKR \u2013 Visual, Auditory, Kinesthetic, Reading\/Writing) v\u00e0 \u0111i\u1ec1u ch\u1ec9nh ph\u01b0\u01a1ng ph\u00e1p \u0111\u1ec3 khai m\u1edf ti\u1ec1m n\u0103ng c\u1ee7a t\u1eebng h\u1ecdc vi\u00ean.<\/li>\n\n\n\n<li>Tinh th\u1ea7n s\u00e1ng t\u1ea1o trong thi\u1ebft k\u1ebf ho\u1ea1t \u0111\u1ed9ng h\u1ecdc t\u1eadp, mang \u0111\u1ebfn ni\u1ec1m vui v\u00e0 s\u1ef1 h\u1ee9ng kh\u1edfi cho l\u1edbp h\u1ecdc.<\/li>\n<\/ul>\n\n\n\n<div style=\"height:35px\" aria-hidden=\"true\" class=\"wp-block-spacer\"><\/div>\n\n\n<div class=\"wp-block-image\">\n<figure class=\"aligncenter size-large\"><img loading=\"lazy\" decoding=\"async\" width=\"1024\" height=\"683\" src=\"https:\/\/tienganhhocsinh.com\/wp-content\/uploads\/2025\/08\/Untitled-design-6-1024x683.png\" alt=\"\" class=\"wp-image-708\" style=\"aspect-ratio:16\/9;object-fit:contain\" srcset=\"https:\/\/tienganhhocsinh.com\/wp-content\/uploads\/2025\/08\/Untitled-design-6-1024x683.png 1024w, https:\/\/tienganhhocsinh.com\/wp-content\/uploads\/2025\/08\/Untitled-design-6-300x200.png 300w, https:\/\/tienganhhocsinh.com\/wp-content\/uploads\/2025\/08\/Untitled-design-6-768x512.png 768w, https:\/\/tienganhhocsinh.com\/wp-content\/uploads\/2025\/08\/Untitled-design-6-600x400.png 600w, https:\/\/tienganhhocsinh.com\/wp-content\/uploads\/2025\/08\/Untitled-design-6.png 1200w\" sizes=\"auto, (max-width: 1024px) 100vw, 1024px\" \/><figcaption class=\"wp-element-caption\">Kh\u00f4ng ch\u1ec9 l\u00e0 d\u1ea1y ng\u1eef ph\u00e1p, m\u00e0 c\u00f2n th\u1eafp l\u1eeda t\u1ef1 tin cho h\u1ecdc tr\u00f2.<\/figcaption><\/figure>\n<\/div>\n\n\n<h3 class=\"wp-block-heading\"><strong><mark style=\"background-color:rgba(0, 0, 0, 0);color:#00aeef\" class=\"has-inline-color\">&nbsp;Quy\u1ec1n l\u1ee3i<\/mark><\/strong><\/h3>\n\n\n\n<p style=\"font-size:17px\">Khi tr\u1edf th\u00e0nh m\u1ed9t ph\u1ea7n trong \u0111\u1ed9i ng\u0169, th\u1ea7y c\u00f4 s\u1ebd \u0111\u01b0\u1ee3c:<\/p>\n\n\n\n<ul style=\"font-size:17px\" class=\"wp-block-list\">\n<li style=\"font-size:17px\">Gia nh\u1eadp m\u00f4i tr\u01b0\u1eddng n\u0103ng \u0111\u1ed9ng, chuy\u00ean nghi\u1ec7p v\u1edbi \u0111\u1ed3ng nghi\u1ec7p \u0111a ng\u00e0nh ngh\u1ec1.<\/li>\n\n\n\n<li style=\"font-size:17px\">M\u1edf r\u1ed9ng k\u1ebft n\u1ed1i trong h\u1ec7 sinh th\u00e1i h\u1ecdc t\u1eadp \u2013 ph\u00e1t tri\u1ec3n c\u1ee7a trung t\u00e2m.<\/li>\n\n\n\n<li style=\"font-size:17px\">\u0110\u01b0\u1ee3c t\u00f4n tr\u1ecdng, l\u1eafng nghe v\u00e0 h\u1ed7 tr\u1ee3 trong qu\u00e1 tr\u00ecnh gi\u1ea3ng d\u1ea1y.<\/li>\n\n\n\n<li>\u0110\u1ed3ng h\u00e0nh c\u00f9ng \u0111\u1ed9i ng\u0169 v\u00e0 h\u1ecdc vi\u00ean \u0111\u1ec3 ph\u00e1t huy t\u1ed1i \u0111a n\u0103ng l\u1ef1c c\u00e1 nh\u00e2n.<\/li>\n<\/ul>\n\n\n\n<div style=\"height:35px\" aria-hidden=\"true\" class=\"wp-block-spacer\"><\/div>\n\n\n<div class=\"wp-block-image\">\n<figure class=\"aligncenter size-large\"><img loading=\"lazy\" decoding=\"async\" width=\"1024\" height=\"683\" src=\"https:\/\/tienganhhocsinh.com\/wp-content\/uploads\/2025\/08\/Untitled-design-7-1024x683.png\" alt=\"\" class=\"wp-image-709\" style=\"aspect-ratio:16\/9;object-fit:contain\" srcset=\"https:\/\/tienganhhocsinh.com\/wp-content\/uploads\/2025\/08\/Untitled-design-7-1024x683.png 1024w, https:\/\/tienganhhocsinh.com\/wp-content\/uploads\/2025\/08\/Untitled-design-7-300x200.png 300w, https:\/\/tienganhhocsinh.com\/wp-content\/uploads\/2025\/08\/Untitled-design-7-768x512.png 768w, https:\/\/tienganhhocsinh.com\/wp-content\/uploads\/2025\/08\/Untitled-design-7-600x400.png 600w, https:\/\/tienganhhocsinh.com\/wp-content\/uploads\/2025\/08\/Untitled-design-7.png 1200w\" sizes=\"auto, (max-width: 1024px) 100vw, 1024px\" \/><figcaption class=\"wp-element-caption\">M\u1ed9t \u0111\u1ed9i ng\u0169 \u2013 chung m\u1ed9t s\u1ee9 m\u1ec7nh gieo tri th\u1ee9c.<\/figcaption><\/figure>\n<\/div>\n\n\n<h2 class=\"wp-block-heading\"><strong>&nbsp;<mark style=\"background-color:rgba(0, 0, 0, 0);color:#00aeef\" class=\"has-inline-color\">V\u0103n h\u00f3a doanh nghi\u1ec7p<\/mark><\/strong><\/h2>\n\n\n\n<p style=\"font-size:17px\">T\u1ea1i Eros Fluent English, ch\u00fang t\u00f4i x\u00e2y d\u1ef1ng v\u0103n h\u00f3a d\u1ef1a tr\u00ean:<\/p>\n\n\n\n<ul style=\"font-size:17px\" class=\"wp-block-list\">\n<li style=\"font-size:17px\">C\u00e2n b\u1eb1ng \u2013 H\u1ea1nh ph\u00fac \u2013 H\u00f2a h\u1ee3p<\/li>\n\n\n\n<li>T\u00f4n tr\u1ecdng \u2013 S\u00e1ng t\u1ea1o \u2013 Ph\u00e1t tri\u1ec3n b\u1ec1n v\u1eefng.<\/li>\n<\/ul>\n\n\n\n<p><\/p>\n\n\n\n<p style=\"font-size:17px\">M\u1ed7i th\u00e0nh vi\u00ean \u0111\u1ec1u l\u00e0 ng\u01b0\u1eddi \u0111\u1ed3ng h\u00e0nh, kh\u00f4ng ch\u1ec9 l\u00e0 \u0111\u1ed3ng nghi\u1ec7p.<\/p>\n\n\n\n<div style=\"height:35px\" aria-hidden=\"true\" class=\"wp-block-spacer\"><\/div>\n\n\n<div class=\"wp-block-image\">\n<figure class=\"aligncenter size-large\"><img loading=\"lazy\" decoding=\"async\" width=\"1024\" height=\"683\" src=\"https:\/\/tienganhhocsinh.com\/wp-content\/uploads\/2025\/08\/Untitled-design-8-1024x683.png\" alt=\"\" class=\"wp-image-710\" style=\"aspect-ratio:16\/9;object-fit:cover\" srcset=\"https:\/\/tienganhhocsinh.com\/wp-content\/uploads\/2025\/08\/Untitled-design-8-1024x683.png 1024w, https:\/\/tienganhhocsinh.com\/wp-content\/uploads\/2025\/08\/Untitled-design-8-300x200.png 300w, https:\/\/tienganhhocsinh.com\/wp-content\/uploads\/2025\/08\/Untitled-design-8-768x512.png 768w, https:\/\/tienganhhocsinh.com\/wp-content\/uploads\/2025\/08\/Untitled-design-8-600x400.png 600w, https:\/\/tienganhhocsinh.com\/wp-content\/uploads\/2025\/08\/Untitled-design-8.png 1200w\" sizes=\"auto, (max-width: 1024px) 100vw, 1024px\" \/><figcaption class=\"wp-element-caption\">Kh\u00f4ng ch\u1ec9 d\u1ea1y ch\u1eef, m\u00e0 c\u00f2n truy\u1ec1n l\u1eeda \u0111am m\u00ea, s\u00e1ng t\u1ea1o.<\/figcaption><\/figure>\n<\/div>\n\n\n<p style=\"font-size:17px\">N\u1ebfu b\u1ea1n mong mu\u1ed1n tr\u1edf th\u00e0nh ng\u01b0\u1eddi truy\u1ec1n c\u1ea3m h\u1ee9ng trong h\u00e0nh tr\u00ecnh h\u1ecdc t\u1eadp v\u00e0 ph\u00e1t tri\u1ec3n c\u1ee7a h\u1ecdc vi\u00ean, h\u00e3y g\u1eedi h\u1ed3 s\u01a1 v\u1ec1:<\/p>\n\n\n\n<p style=\"font-size:17px\">Website trung t\u00e2m: <a href=\"https:\/\/tienganhhocsinh.com\"><mark style=\"background-color:rgba(0, 0, 0, 0);color:#00aeef\" class=\"has-inline-color\">https:\/\/tienganhhocsinh.com<\/mark><\/a><br>Hotline: <mark style=\"background-color:rgba(0, 0, 0, 0);color:#00aeef\" class=\"has-inline-color\">0977-843-701<\/mark><\/p>\n\n\n\n<p style=\"font-size:17px\">Email: <mark style=\"background-color:rgba(0, 0, 0, 0);color:#00aeef\" class=\"has-inline-color\">erosfluentenglish@gmail.com<\/mark><\/p>\n\n\n\n<p style=\"font-size:17px\"><strong>C\u00f9ng ch\u00fang t\u00f4i gieo h\u1ea1t gi\u1ed1ng tri th\u1ee9c, nu\u00f4i d\u01b0\u1ee1ng ni\u1ec1m tin v\u00e0 m\u1edf r\u1ed9ng c\u00e1nh c\u1eeda t\u01b0\u01a1ng lai cho th\u1ebf h\u1ec7 h\u1ecdc vi\u00ean!<\/strong><\/p>\n\n\n\n<div class=\"wp-block-buttons is-content-justification-center is-layout-flex wp-container-core-buttons-is-layout-16018d1d wp-block-buttons-is-layout-flex\">\n<div class=\"wp-block-button is-style-outline is-style-outline--1\"><a class=\"wp-block-button__link has-white-color has-text-color has-background has-link-color wp-element-button\" href=\"https:\/\/tienganhhocsinh.com\/index.php\/about-us\/\" style=\"background-color:#00aeef\" target=\"_blank\" rel=\"noreferrer noopener\">T\u00ecm hi\u1ec3u th\u00eam<\/a><\/div>\n\n\n\n<div class=\"wp-block-button is-style-outline is-style-outline--2\"><a class=\"wp-block-button__link has-white-color has-text-color has-background has-link-color wp-element-button\" href=\"https:\/\/tienganhhocsinh.com\/index.php\/contact-3\/\" style=\"background-color:#00aeef\" target=\"_blank\" rel=\"noreferrer noopener\">Li\u00ean h\u1ec7 ch\u00fang t\u00f4i<\/a><\/div>\n<\/div>\n","protected":false},"excerpt":{"rendered":"<p>TIN TUY\u1ec2N D\u1ee4NG GI\u00c1O VI\u00caN TI\u1ebeNG ANH \u2013 VI\u1ec6T NAM &amp; N\u01af\u1edaC NGO\u00c0I V\u1ec1 ch\u00fang t\u00f4i Eros Fluent English l\u00e0 [&hellip;]<\/p>\n","protected":false},"author":1,"featured_media":0,"parent":0,"menu_order":0,"comment_status":"closed","ping_status":"closed","template":"page-template\/page-with-right-sidebar.php","meta":{"footnotes":""},"class_list":["post-38","page","type-page","status-publish","hentry"],"yoast_head":"<!-- This site is optimized with the Yoast SEO plugin v26.2 - https:\/\/yoast.com\/wordpress\/plugins\/seo\/ -->\n<title>Become an Instructor - Eros Fluent English<\/title>\n<meta name=\"robots\" content=\"index, follow, max-snippet:-1, max-image-preview:large, max-video-preview:-1\" \/>\n<link rel=\"canonical\" href=\"https:\/\/tienganhhocsinh.com\/index.php\/become_a_teacher\/\" \/>\n<meta property=\"og:locale\" content=\"vi_VN\" \/>\n<meta property=\"og:type\" content=\"article\" \/>\n<meta property=\"og:title\" content=\"Become an Instructor - Eros Fluent English\" \/>\n<meta property=\"og:description\" content=\"TIN TUY\u1ec2N D\u1ee4NG GI\u00c1O VI\u00caN TI\u1ebeNG ANH \u2013 VI\u1ec6T NAM &amp; N\u01af\u1edaC NGO\u00c0I V\u1ec1 ch\u00fang t\u00f4i Eros Fluent English l\u00e0 [&hellip;]\" \/>\n<meta property=\"og:url\" content=\"https:\/\/tienganhhocsinh.com\/index.php\/become_a_teacher\/\" \/>\n<meta property=\"og:site_name\" content=\"Eros Fluent English\" \/>\n<meta property=\"article:publisher\" content=\"https:\/\/www.facebook.com\/erosfluentenglish\" \/>\n<meta property=\"article:modified_time\" content=\"2025-09-10T11:32:50+00:00\" \/>\n<meta property=\"og:image\" content=\"https:\/\/tienganhhocsinh.com\/wp-content\/uploads\/2025\/08\/Untitled-design-5.png\" \/>\n\t<meta property=\"og:image:width\" content=\"1200\" \/>\n\t<meta property=\"og:image:height\" content=\"800\" \/>\n\t<meta property=\"og:image:type\" content=\"image\/png\" \/>\n<meta name=\"twitter:card\" content=\"summary_large_image\" \/>\n<meta name=\"twitter:label1\" content=\"\u01af\u1edbc t\u00ednh th\u1eddi gian \u0111\u1ecdc\" \/>\n\t<meta name=\"twitter:data1\" content=\"4 ph\u00fat\" \/>\n<script type=\"application\/ld+json\" class=\"yoast-schema-graph\">{\"@context\":\"https:\/\/schema.org\",\"@graph\":[{\"@type\":\"WebPage\",\"@id\":\"https:\/\/tienganhhocsinh.com\/index.php\/become_a_teacher\/\",\"url\":\"https:\/\/tienganhhocsinh.com\/index.php\/become_a_teacher\/\",\"name\":\"Become an Instructor - Eros Fluent English\",\"isPartOf\":{\"@id\":\"https:\/\/tienganhhocsinh.com\/#website\"},\"primaryImageOfPage\":{\"@id\":\"https:\/\/tienganhhocsinh.com\/index.php\/become_a_teacher\/#primaryimage\"},\"image\":{\"@id\":\"https:\/\/tienganhhocsinh.com\/index.php\/become_a_teacher\/#primaryimage\"},\"thumbnailUrl\":\"https:\/\/tienganhhocsinh.com\/wp-content\/uploads\/2025\/08\/Untitled-design-5-1024x683.png\",\"datePublished\":\"2025-07-18T10:19:27+00:00\",\"dateModified\":\"2025-09-10T11:32:50+00:00\",\"breadcrumb\":{\"@id\":\"https:\/\/tienganhhocsinh.com\/index.php\/become_a_teacher\/#breadcrumb\"},\"inLanguage\":\"vi\",\"potentialAction\":[{\"@type\":\"ReadAction\",\"target\":[\"https:\/\/tienganhhocsinh.com\/index.php\/become_a_teacher\/\"]}]},{\"@type\":\"ImageObject\",\"inLanguage\":\"vi\",\"@id\":\"https:\/\/tienganhhocsinh.com\/index.php\/become_a_teacher\/#primaryimage\",\"url\":\"https:\/\/tienganhhocsinh.com\/wp-content\/uploads\/2025\/08\/Untitled-design-5.png\",\"contentUrl\":\"https:\/\/tienganhhocsinh.com\/wp-content\/uploads\/2025\/08\/Untitled-design-5.png\",\"width\":1200,\"height\":800,\"caption\":\"H\u1ecdc \u00edt ng\u01b0\u1eddi, t\u1eadp trung v\u00e0o t\u1eebng h\u1ecdc vi\u00ean.\"},{\"@type\":\"BreadcrumbList\",\"@id\":\"https:\/\/tienganhhocsinh.com\/index.php\/become_a_teacher\/#breadcrumb\",\"itemListElement\":[{\"@type\":\"ListItem\",\"position\":1,\"name\":\"Trang ch\u1ee7\",\"item\":\"https:\/\/tienganhhocsinh.com\/\"},{\"@type\":\"ListItem\",\"position\":2,\"name\":\"Become an Instructor\"}]},{\"@type\":\"WebSite\",\"@id\":\"https:\/\/tienganhhocsinh.com\/#website\",\"url\":\"https:\/\/tienganhhocsinh.com\/\",\"name\":\"Eros Fluent English\",\"description\":\"\",\"publisher\":{\"@id\":\"https:\/\/tienganhhocsinh.com\/#organization\"},\"potentialAction\":[{\"@type\":\"SearchAction\",\"target\":{\"@type\":\"EntryPoint\",\"urlTemplate\":\"https:\/\/tienganhhocsinh.com\/?s={search_term_string}\"},\"query-input\":{\"@type\":\"PropertyValueSpecification\",\"valueRequired\":true,\"valueName\":\"search_term_string\"}}],\"inLanguage\":\"vi\"},{\"@type\":\"Organization\",\"@id\":\"https:\/\/tienganhhocsinh.com\/#organization\",\"name\":\"Eros Fluent English\",\"url\":\"https:\/\/tienganhhocsinh.com\/\",\"logo\":{\"@type\":\"ImageObject\",\"inLanguage\":\"vi\",\"@id\":\"https:\/\/tienganhhocsinh.com\/#\/schema\/logo\/image\/\",\"url\":\"https:\/\/tienganhhocsinh.com\/wp-content\/uploads\/2025\/09\/cropped-cropped-FLUENT-ENGLISH-240-x-240-px-1.png\",\"contentUrl\":\"https:\/\/tienganhhocsinh.com\/wp-content\/uploads\/2025\/09\/cropped-cropped-FLUENT-ENGLISH-240-x-240-px-1.png\",\"width\":240,\"height\":121,\"caption\":\"Eros Fluent English\"},\"image\":{\"@id\":\"https:\/\/tienganhhocsinh.com\/#\/schema\/logo\/image\/\"},\"sameAs\":[\"https:\/\/www.facebook.com\/erosfluentenglish\",\"https:\/\/www.youtube.com\/@erosfluentenglish\",\"https:\/\/www.tiktok.com\/@erosfluentenglish\"]}]}<\/script>\n<!-- \/ Yoast SEO plugin. -->","yoast_head_json":{"title":"Become an Instructor - Eros Fluent English","robots":{"index":"index","follow":"follow","max-snippet":"max-snippet:-1","max-image-preview":"max-image-preview:large","max-video-preview":"max-video-preview:-1"},"canonical":"https:\/\/tienganhhocsinh.com\/index.php\/become_a_teacher\/","og_locale":"vi_VN","og_type":"article","og_title":"Become an Instructor - Eros Fluent English","og_description":"TIN TUY\u1ec2N D\u1ee4NG GI\u00c1O VI\u00caN TI\u1ebeNG ANH \u2013 VI\u1ec6T NAM &amp; N\u01af\u1edaC NGO\u00c0I V\u1ec1 ch\u00fang t\u00f4i Eros Fluent English l\u00e0 [&hellip;]","og_url":"https:\/\/tienganhhocsinh.com\/index.php\/become_a_teacher\/","og_site_name":"Eros Fluent English","article_publisher":"https:\/\/www.facebook.com\/erosfluentenglish","article_modified_time":"2025-09-10T11:32:50+00:00","og_image":[{"width":1200,"height":800,"url":"https:\/\/tienganhhocsinh.com\/wp-content\/uploads\/2025\/08\/Untitled-design-5.png","type":"image\/png"}],"twitter_card":"summary_large_image","twitter_misc":{"\u01af\u1edbc t\u00ednh th\u1eddi gian \u0111\u1ecdc":"4 ph\u00fat"},"schema":{"@context":"https:\/\/schema.org","@graph":[{"@type":"WebPage","@id":"https:\/\/tienganhhocsinh.com\/index.php\/become_a_teacher\/","url":"https:\/\/tienganhhocsinh.com\/index.php\/become_a_teacher\/","name":"Become an Instructor - Eros Fluent English","isPartOf":{"@id":"https:\/\/tienganhhocsinh.com\/#website"},"primaryImageOfPage":{"@id":"https:\/\/tienganhhocsinh.com\/index.php\/become_a_teacher\/#primaryimage"},"image":{"@id":"https:\/\/tienganhhocsinh.com\/index.php\/become_a_teacher\/#primaryimage"},"thumbnailUrl":"https:\/\/tienganhhocsinh.com\/wp-content\/uploads\/2025\/08\/Untitled-design-5-1024x683.png","datePublished":"2025-07-18T10:19:27+00:00","dateModified":"2025-09-10T11:32:50+00:00","breadcrumb":{"@id":"https:\/\/tienganhhocsinh.com\/index.php\/become_a_teacher\/#breadcrumb"},"inLanguage":"vi","potentialAction":[{"@type":"ReadAction","target":["https:\/\/tienganhhocsinh.com\/index.php\/become_a_teacher\/"]}]},{"@type":"ImageObject","inLanguage":"vi","@id":"https:\/\/tienganhhocsinh.com\/index.php\/become_a_teacher\/#primaryimage","url":"https:\/\/tienganhhocsinh.com\/wp-content\/uploads\/2025\/08\/Untitled-design-5.png","contentUrl":"https:\/\/tienganhhocsinh.com\/wp-content\/uploads\/2025\/08\/Untitled-design-5.png","width":1200,"height":800,"caption":"H\u1ecdc \u00edt ng\u01b0\u1eddi, t\u1eadp trung v\u00e0o t\u1eebng h\u1ecdc vi\u00ean."},{"@type":"BreadcrumbList","@id":"https:\/\/tienganhhocsinh.com\/index.php\/become_a_teacher\/#breadcrumb","itemListElement":[{"@type":"ListItem","position":1,"name":"Trang ch\u1ee7","item":"https:\/\/tienganhhocsinh.com\/"},{"@type":"ListItem","position":2,"name":"Become an Instructor"}]},{"@type":"WebSite","@id":"https:\/\/tienganhhocsinh.com\/#website","url":"https:\/\/tienganhhocsinh.com\/","name":"Eros Fluent English","description":"","publisher":{"@id":"https:\/\/tienganhhocsinh.com\/#organization"},"potentialAction":[{"@type":"SearchAction","target":{"@type":"EntryPoint","urlTemplate":"https:\/\/tienganhhocsinh.com\/?s={search_term_string}"},"query-input":{"@type":"PropertyValueSpecification","valueRequired":true,"valueName":"search_term_string"}}],"inLanguage":"vi"},{"@type":"Organization","@id":"https:\/\/tienganhhocsinh.com\/#organization","name":"Eros Fluent English","url":"https:\/\/tienganhhocsinh.com\/","logo":{"@type":"ImageObject","inLanguage":"vi","@id":"https:\/\/tienganhhocsinh.com\/#\/schema\/logo\/image\/","url":"https:\/\/tienganhhocsinh.com\/wp-content\/uploads\/2025\/09\/cropped-cropped-FLUENT-ENGLISH-240-x-240-px-1.png","contentUrl":"https:\/\/tienganhhocsinh.com\/wp-content\/uploads\/2025\/09\/cropped-cropped-FLUENT-ENGLISH-240-x-240-px-1.png","width":240,"height":121,"caption":"Eros Fluent English"},"image":{"@id":"https:\/\/tienganhhocsinh.com\/#\/schema\/logo\/image\/"},"sameAs":["https:\/\/www.facebook.com\/erosfluentenglish","https:\/\/www.youtube.com\/@erosfluentenglish","https:\/\/www.tiktok.com\/@erosfluentenglish"]}]}},"jetpack_sharing_enabled":true,"_links":{"self":[{"href":"https:\/\/tienganhhocsinh.com\/index.php\/wp-json\/wp\/v2\/pages\/38","targetHints":{"allow":["GET"]}}],"collection":[{"href":"https:\/\/tienganhhocsinh.com\/index.php\/wp-json\/wp\/v2\/pages"}],"about":[{"href":"https:\/\/tienganhhocsinh.com\/index.php\/wp-json\/wp\/v2\/types\/page"}],"author":[{"embeddable":true,"href":"https:\/\/tienganhhocsinh.com\/index.php\/wp-json\/wp\/v2\/users\/1"}],"replies":[{"embeddable":true,"href":"https:\/\/tienganhhocsinh.com\/index.php\/wp-json\/wp\/v2\/comments?post=38"}],"version-history":[{"count":14,"href":"https:\/\/tienganhhocsinh.com\/index.php\/wp-json\/wp\/v2\/pages\/38\/revisions"}],"predecessor-version":[{"id":936,"href":"https:\/\/tienganhhocsinh.com\/index.php\/wp-json\/wp\/v2\/pages\/38\/revisions\/936"}],"wp:attachment":[{"href":"https:\/\/tienganhhocsinh.com\/index.php\/wp-json\/wp\/v2\/media?parent=38"}],"curies":[{"name":"wp","href":"https:\/\/api.w.org\/{rel}","templated":true}]}}